tors of m/(2/p) + 16?
13
Suppose 4 = -3*p + p. List the prime factors of p*(-2)/(-8)*-6.
3
List the prime factors of 1*(-3 - 5/(15/(-318))).
103
Suppose -j = 2*x - 2, 4*j - 8 = x - 0*x. List the prime factors of j.
2
Suppose 4*t - 89 = -5*p + 209, p - 48 = 5*t. List the prime factors of p.
2, 29
Let d be 6/9 + 266/(-21). What are the prime factors of (d/(-24))/((-2)/(-44))?
11
Let m(g) = 2*g - 2. Let z be m(3). Suppose -2*s - 56 = 2*s. What are the prime factors of 1/((z/s)/(-2))?
7
What are the prime factors of ((-72)/60)/(3/(-100))?
2, 5
Suppose -2*p = -3 - 7. Let j = p - 3. What are the prime factors of j?
2
What are the prime factors of 2/(-3 - -2) + 15?
13
Let t be 2 - 4 - (-3 - 2). Suppose -3*f + 5*n + 61 = 0, 2*n + t*n + 44 = 2*f. List the prime factors of f.
17
Suppose 4*x = 419 - 167. What are the prime factors of x?
3, 7
Let o = 43 + -67. Let b(t) = 5*t + 13. Let m be b(-4). Let f = m - o. What are the prime factors of f?
17
Let x = -37 + 56. Suppose 4*m - 45 - x = 0. What are the prime factors of m?
2
Suppose 0 = 2*j - j - 1. Suppose 23 + 4 = -3*m. What are the prime factors of m*(j + -2 + 0)?
3
Let m = 43 + -25. Suppose -4*v + m = -v. What are the prime factors of v?
2, 3
Suppose -5*k = -2*u - 2 - 13, 4*u - 3*k - 5 = 0. Suppose u*d = 141 + 104. List the prime factors of d.
7
Let s(n) = n**3 + 9*n**2 + n - 8. Let i be s(-9). Suppose 17 = -k - 12. Let u = i - k. List the prime factors of u.
2, 3
Suppose -k - 25 = -6*k. Let q = 19 - k. List the prime factors of q.
2, 7
Suppose -4*r + 112 + 468 = 0. List the prime factors of r.
5, 29
Suppose 3*x = -3*a + 666, 0 = -3*x + 3*a + 4 + 656. What are the prime factors of x?
13, 17
Let n(p) = -p**3 - 4*p**2 + 8*p + 12. Let a be n(-5). List the prime factors of 4/10*(-450)/a.
2, 3, 5
Let m(l) = -l**2 - 5*l + 6. Let h be m(-7). Let q(z) = z**2 + 8*z + 3. List the prime factors of q(h).
3
Let w(p) = -7*p - 15. What are the prime factors of w(-9)?
2, 3
Let v(i) be the third derivative of -5*i**4/12 - 2*i**3/3 + 4*i**2. What are the prime factors of v(-3)?
2, 13
Let q(m) = -65*m - 1. Suppose 2*n - 14 = -4*b, -2*n = 3*b - 0*b - 10. Let r be q(n). What are the prime factors of ((-15)/10)/((-6)/r)?
2
Suppose 20 + 7 = 3*p. Let f = -5 + p. Suppose f*i - 43 + 11 = 0. List the prime factors of i.
2
Suppose -2*y - t + 0*t + 94 = 0, 5*y - 2*t - 235 = 0. Let g = y - 27. List the prime factors of g.
2, 5
Let c(u) be the second derivative of 0 - 4*u - 1/2*u**2 - 3*u**3. What are the prime factors of c(-1)?
17
What are the prime factors of (-67)/5*90/(-18)?
67
Suppose -3*k = -3*d - 6, 4*k - 9 = 5*d - 2*d. Suppose k*z = 1 + 8. List the prime factors of z.
3
Suppose 2 = -5*q + 7. Let a be (-16)/(-1)*q/2. List the prime factors of a - (2 + 0)/2.
7
Suppose -9 = 2*y - 41. What are the prime factors of y?
2
Suppose 5*n - 6*n + 39 = 0. Suppose -6*s + 111 = n. What are the prime factors of s?
2, 3
Suppose 4*x - 6 = x. Let g be (-10)/(-20) - (-118)/4. Suppose 3*k = x*n - g, -2*n + k = -k - 28. List the prime factors of n.
2, 3
Let o = -4 - -6. Suppose 0 = 7*l - o*l. Suppose -2*v + l*v = -24. What are the prime factors of v?
2, 3
Suppose 4*i + 33 = 2*o + 3, -4*i + 75 = 5*o. List the prime factors of o.
3, 5
Let g = -193 + 494. List the prime factors of g.
7, 43
Suppose 0 = -p + 273 - 68. What are the prime factors of p?
5, 41
Let f(m) = m**2 + 8*m - 3. List the prime factors of f(-10).
17
Suppose 5*y = 3*s - 105, s - 5*y + 35 = 2*s. What are the prime factors of s?
5, 7
What are the prime factors of 1*438/2 + (3 - 0)?
2, 3, 37
Suppose -u = 8 + 1. Let z(p) = -p - 10. Let a be z(u). List the prime factors of 4 + 2*a/(-2).
5
Suppose -4*g - 4*z = 48, 0 = -5*g - 4*z - 0*z - 55. Let m(h) = -h**3 - 8*h**2 - 6*h + 10. List the prime factors of m(g).
3
List the prime factors of (-26)/4*(-10 + 0).
5, 13
Let o be 1/(174/86 + -2). Suppose 0 = 5*i - 22 - o. List the prime factors of i.
13
Suppose 0 = q - 23 - 88. What are the prime factors of q?
3, 37
Let h = 50 - 25. List the prime factors of h.
5
List the prime factors of ((-888)/(-259))/((-51)/(-49) - 1).
2, 3, 7
Let j(h) = 20*h**2 - 2*h - 1. Let c = 9 - 10. What are the prime factors of j(c)?
3, 7
Let h(l) be the second derivative of -l**3/3 - 6*l**2 + l. List the prime factors of h(-8).
2
Let l = 432 + -176. List the prime factors of l.
2
Let n(j) = -j + 3. Let q be n(-4). Suppose 0 = s - q*y + 3*y - 6, -s + 3*y + 10 = 0. List the prime factors of s.
2, 11
Let c(n) = -n - 3. Let z(b) = -b - 3. Let u(j) = 5*c(j) - 6*z(j). Suppose -i - 8 = -3*i - r, 26 = 3*i - 2*r. What are the prime factors of u(i)?
3
Suppose 0*x = -2*x. Suppose 5*c + 3*n = 295, x = -2*n + 5 + 5. Suppose 4*t = -0*t + c. List the prime factors of t.
2, 7
List the prime factors of 3/(-3) - (-40 - 0).
3, 13
Let r(v) = -v**2 - 6*v - 3. Let l be r(-5). Suppose 2*c = -l*c + 76. List the prime factors of c.
19
What are the prime factors of ((-36)/(-24))/(3/28)?
2, 7
Let p(k) = k**3 + 8*k**2 + k + 4. Let j be p(-8). Let g be 744/18 - j/6. List the prime factors of (g/8)/((-6)/(-16)).
2, 7
Suppose -4*a + 0 + 20 = 0. Suppose 0 = -w + a*w. List the prime factors of 1 + 1 - (-5 - w).
7
Suppose y - 2*y + 2*f + 27 = 0, -3*y - 2*f = -57. What are the prime factors of y?
3, 7
Let q(a) = -a**3 - 2*a**2 + 4*a + 9. Let i be q(-4). Suppose x - 4*x + 9 = 0. Suppose i = x*v + 2*v. List the prime factors of v.
5
Let w = 15 - 3. Suppose -3*b = -3 - w. Suppose -2*l = -b*l + 51. List the prime factors of l.
17
Let s be (-42)/(-15) + (-2)/(-10). Suppose -51 = -0*w + s*w. Let v = 26 + w. List the prime factors of v.
3
Suppose -4*p - 271 = -3*m - 44, -5*m + 365 = -4*p. What are the prime factors of m?
3, 23
What are the prime factors of 177/9*(-3 + 6)?
59
Let r = 9 + -7. Let t be (r*-1)/((-8)/16). List the prime factors of t*(114/8)/3.
19
Suppose -u - 2*r + 13 = 2*r, 4*u - 67 = -r. What are the prime factors of u?
17
Suppose -5*l + 198 = 63. Suppose -2*u = -w - l, -u - 4*w + 31 = 4. List the prime factors of u.
3, 5
Let l be 8/12 + (-2)/(-6). Suppose 5*u + 24 = -t + 4*t, -4*u - l = -t. List the prime factors of t.
13
Let x(a) = a**3 - 2*a**2 + a + 61. What are the prime factors of x(0)?
61
Let x be (-4)/(-4) - 1*-17. Let j = x - 6. What are the prime factors of j?
2, 3
Let z(q) be the third derivative of -2*q**2 - 1/3*q**3 + 0 + 1/12*q**5 - 1/8*q**4 + 0*q - 1/120*q**6. List the prime factors of z(4).
2
Let v(m) = m + 14. List the prime factors of v(12).
2, 13
Suppose 70 = 5*y - 35. What are the prime factors of y?
3, 7
Let y = 8 - -18. List the prime factors of y.
2, 13
Let m = -3 - -6. Suppose -4*o - 40 = -m*w, 3*w - 2*w - 4*o = 8. List the prime factors of w.
2
Let v = -13 + 24. What are the prime factors of v?
11
Let m(y) = y**2 - 2*y - 18. List the prime factors of m(-7).
3, 5
Suppose 27 = -5*i - 38. What are the prime factors of (-9)/6 - i/2?
5
Let r = 2 + -4. Suppose 2*d = -0*d - 8. Let y = r - d. What are the prime factors of y?
2
List the prime factors of 2/8 - (-1026)/24.
43
Let u = -6 + 8. Suppose -2*g = 3*f - 74, 3*f - u*g = -14 + 72. What are the prime factors of f?
2, 11
Let d be (-2 - 6/(-4))*-6. Suppose 0 = -x + 5*p + 51, -3*p - p + 58 = d*x. What are the prime factors of x?
2, 13
Suppose -j + 5*j = 0. Let x be (-3)/((1 - j) + 0). What are the prime factors of x/(2 - (-7)/(-3))?
3
Let t be (-1)/(-4)*-2*-6. Suppose 44 = p - t*u + u, -84 = -2*p + 2*u. List the prime factors of p.
2, 5
Suppose 3*b = -q - 3, 0 = 4*q - 5*b + 1 - 6. Suppose 5*p - 2*f - f = 69, -4*p - 4*f + 36 = q. What are the prime factors of p?
2, 3
Let j = 2 - -2. Suppose 4*u + 4 = -4*h + 20, -4*u = 2*h. Let w = h - j. List the prime factors of w.
2
Let n be (-3)/(0 - -3) + 41. Let c = n - 1. Suppose -3*t + c = 5*d, 5*t - 29 - 20 = -3*d. List the prime factors of t.
2
Let r = 24 + -6. What are the prime factors of -7*-5*r/21?
2, 3, 5
Let w = -185 + 261. List the prime factors of w.
2, 19
Suppose 3200 = 12*n + 4*n. List the prime factors of n.
2, 5
Let w be (-1 - (6 - 4)) + 3. Suppose -a + 5*y + 18 = 0, w = -a + 2*a + 5*y - 48. List the prime factors of a.
3, 11
Let h = -8 + -1. Let x = -6 - h. What are the prime factors of x?
3
What are the prime factors of (62/1)/((-2)/(-1))?
31
Let v(y) = -y**2 - 6*y + 8. Let j be v(-7). Let r = j - -15. List the prime fac